79 + 878. Give x(y).
-32
Let t be ((-3)/3)/1*-1. Let k be 3 + (4 - (2 + t)). Let x(p) be the first derivative of -p**3/3 + 2*p**2 - 3*p + 24. What is x(k)?
-3
Let s(j) = 4*j**2 + 5*j**2 + 17 + 7*j**2 - 26*j - j**3 + 4 + 10*j. Give s(15).
6
Suppose -5 = 2*w - w, 4*a + 14 = -2*w. Let c(u) = -15 - 17 + 31 + 11*u**2. Calculate c(a).
10
Let u = 72 + -69. Let x(w) = -8*w + u*w + 2*w**2 - 6 - w**2. Calculate x(7).
8
Let s be -3 - 0 - 6/(-1). Let u(i) = -1 - 2*i**2 + i**3 + 2 - 3*i + 0. Calculate u(s).
1
Let l(c) = -c**3 - 6*c**2 - 3*c + 3. Let s = 560 - 565. Determine l(s).
-7
Let w(a) = a**3 + 2*a**2 - 2*a + 3. Let y(s) = s**2 + 10*s + 3. Let t be (-5)/4*(3 - -5). Let p be y(t). Suppose 1 - 10 = p*n. Calculate w(n).
0
Suppose 4 = -b - 3. Let f be ((-6)/(-1))/(7/b). Let r(k) = -3*k - 5. What is r(f)?
13
Let b(z) = 4*z**2 - 1. Let o = -3 - -3. Suppose -5*m + 5 = -o. Calculate b(m).
3
Let p = 23 - 30. Let w(q) be the first derivative of q**3/3 + 7*q**2/2 - 5*q - 156. Determine w(p).
-5
Let a = 9 + -6. Suppose 0 = -4*d - a*b + 7, -3*b - 4 = 2*d + b. Suppose 0*j + 2*j = 2*y + 10, d*j - 20 = -2*y. Let x(g) = -g**2 + 8. Calculate x(y).
8
Suppose -2*h + 6*i - 26 = 2*i, h + 18 = 3*i. Let f be 4/3*3/2. Let p(v) = v + 5 - 7 + f. What is p(h)?
-3
Let f(q) = 3*q + 2. Let a(j) = -5*j - 3. Let r(y) = 6*a(y) + 11*f(y). Let w = 109 - 114. Give r(w).
-11
Let r(v) = v**2 + 12*v - 13. Let u = 90 - 103. Calculate r(u).
0
Suppose 0 = b, -3*j + 126 = -0*j + 2*b. Let r(p) = 5*p + p**2 + p - j + 45. Calculate r(-6).
3
Let n(z) = z. Let l(u) = 2*u. Let r(g) = -2*l(g) + 5*n(g). Let f(k) = -2*k**2 - 7*k. Let h(b) = -f(b) - 3*r(b). Calculate h(-3).
6
Suppose 5*k - 33 = q, 0 = -k - 4*q - 3 - 3. Suppose 0 = -v - 3 + k. Let z(f) = -3 + f - v + 0*f. What is z(5)?
-1
Let v(w) = -2*w + 17. Let x = -368 - -381. Give v(x).
-9
Let l(y) = -2*y + 12. Let k(u) = 3*u - 13. Let b(g) = 4*k(g) + 5*l(g). What is b(-4)?
0
Let a be (-1 - -1) + 8/(-24)*6. Let y(c) = -5*c**3 + 2*c**2 - 7*c - 2. Let i(q) = q**3 + q. Let u(b) = 6*i(b) + y(b). What is u(a)?
0
Suppose 4*n = -3*y + 11, 0 + 2 = 3*n - 4*y. Let h(l) = -5 + 0*l**n + 2*l - l**2 + 12. Calculate h(6).
-17
Let b be (-20)/9 + (468/(-81) - -6). Let c(j) = 1 + 3 + 2*j + 4*j - 3. Determine c(b).
-11
Let t(h) = -h**2 - 4*h. Suppose 60 = 5*g - 4*g. Let u = -42 + g. Let w = 16 - u. Give t(w).
4
Let h(z) = 5 - z**2 - 3*z + 2*z**2 - 2*z**2. Let p = 38 + -34. Suppose c = -2*c - 2*m - p, -3*c = -2*m + 20. Give h(c).
1
Let r be (72/18)/(-1 + 2). Let q be (-6)/45 + r/30. Let m(y) = y**2 + 5. Determine m(q).
5
Let r(j) be the second derivative of 7/2*j**2 - 1/6*j**3 + 0 - 18*j. What is r(7)?
0
Let l(m) = -m**3 - 2*m**2 - m. Let k = 14 + -8. Suppose 5*y = 5*n - 30, -k + 0 = -5*n - 3*y. Suppose 5*f + 13 = 4*d, -d - n*f - 3 = -5*d. Determine l(d).
12
Suppose -3*b = -2 - 22. Let k(j) = -21 + 12*j**2 + b - 11*j**2 + j. Calculate k(0).
-13
Let c(z) be the third derivative of -1/60*z**5 - 31*z**2 + 0*z + 0 - 1/6*z**3 - 1/30*z**6 - 1/24*z**4. Calculate c(-1).
3
Suppose -2*j = -8, -4*l - 2*j + 32 = -24. Let y be (20/(l/(-3)))/(-1). Let u(n) = 0 + n + 3 + 3*n - y*n. Determine u(3).
0
Let q(p) = -p**3 + 6*p**2 + 2*p - 4. Let o(h) = 5*h**2 + 2*h - 2. Let m(t) = -3*o(t) + 2*q(t). Calculate m(-2).
6
Let c(d) = 2*d - 19. Let p(j) = j - 10. Let m(y) = 6*c(y) - 11*p(y). Suppose 6*q = 10*q. Suppose 2*i = 14 - q. Give m(i).
3
Let d(q) be the second derivative of -5*q**4/12 + 2*q**3/3 + 3*q**2/2 - q + 36. Give d(-1).
-6
Suppose -4*m - 5*f + 14 = 74, 0 = -5*m + 3*f - 38. Let l(k) = -k**2 - 14*k - 5. Give l(m).
35
Let b be 10/1 - (0 - 4). Let h(w) = -1 - 31*w + 16*w + 2 + b*w. Give h(1).
0
Let d(p) = p**2 + 2*p + 2. Let i = 654 - 656. Determine d(i).
2
Let s(n) = n**3 + 11*n**2 + 2*n + 7. Suppose 1137 = -8*w + 1049. Give s(w).
-15
Let b(i) = -i**3 + 5*i**2 - 3*i + 1. Let m(q) = q**3 + 5*q**2 + 4*q + 3. Let z = 50 + -54. Let a be m(z). Give b(a).
10
Let g(q) = -32*q**2 + 3*q + 2. Let k(b) = 126*b**2 - 13*b - 9. Let h(o) = 9*g(o) + 2*k(o). What is h(1)?
-35
Let h(s) be the first derivative of s**3/3 + 5*s**2/2 + 2*s + 5. Let a(m) = -m**2 - 4*m - 1. Let j(x) = 3*a(x) + 2*h(x). Suppose -y = -3*y + 4. Determine j(y).
-7
Suppose -3*r = -4*r + q, 0 = -3*q + 6. Let s(i) = 63 - 50 - r*i + 4*i. Give s(-10).
-7
Let v(i) = -i**3 - 12*i**2 - i + 1. Suppose -b - 22 - 5 = -5*o, 4*b = 3*o - 57. Calculate v(b).
13
Let y be (1 + -1)*(-5)/(-10). Let r(m) = -3*m**3 + 2*m**2 + 14. Let h(u) = -2*u**3 + u**2 + 7. Let q(k) = -5*h(k) + 3*r(k). Calculate q(y).
7
Let s be (77/(-55))/(0 + 5/(-125)). Let l(v) = 3*v - 104. Calculate l(s).
1
Suppose 20*v = 8*v + 84. Let w(z) = -z**3 + 6*z**2 + 9*z - 7. Determine w(v).
7
Suppose -4*l = 2*j - 18, 0*l - 4*j = 3*l - 16. Suppose -2*x = h + h, h = l. Let f(a) be the first derivative of -a**2/2 - a + 1. Calculate f(x).
3
Let a(x) = -x**3 - 14*x**2 + 71*x - 18. Let o be a(-18). Let k(l) = -l**3 + l**2 + l - 2. What is k(o)?
-2
Suppose -4*f = -4 - 0. Let t(j) = 3*j**2 - 3 - 117*j - 9 + 105*j. Let n(y) = y**2 - y - 1. Let q(w) = f*t(w) - 4*n(w). What is q(-6)?
4
Let k(h) = 2*h**3 - h**2 - h + 1. Let f be k(1). Let u(z) = -z**3 - 4*z**3 - f + 6*z**3 - 3 + 2*z - 3*z**2. Determine u(3).
2
Suppose 11*y - 10 = 9*y. Let u(o) be the first derivative of -o**2 + 9 + o + 15*o - 5*o - y*o. Give u(4).
-2
Let l(c) = -c**2 + 5*c + 1. Let r = 101 - 96. Calculate l(r).
1
Let f(u) = -5*u - 3. Let i(d) = 0*d - 4*d + 8 + 3*d + 2. Let a be i(7). Determine f(a).
-18
Let q(t) = t**3 + 12*t**2 - 5*t - 2. Let u(r) = 3*r**3 + 35*r**2 - 16*r - 7. Let m(y) = -8*q(y) + 3*u(y). Calculate m(-10).
-25
Let j(b) = 4*b. Let q(n) = -2*n + 1. Let f = -5 - -4. Let k be q(f). Let y be 14/(-35) - k/5. What is j(y)?
-4
Let i(n) = 8*n**3 - 2*n**2 + 1. Let f(c) = -4*c**2 - 8*c + 6. Let m(y) = -5*y**2 - 9*y + 7. Let k(t) = 6*f(t) - 5*m(t). Let w be k(2). What is i(w)?
-9
Let w = -463 - -455. Let t(s) = 13*s**2 + 16*s - 8. Let a(l) = 7*l**2 + 8*l - 4. Let n(c) = 11*a(c) - 6*t(c). What is n(w)?
4
Let a = 14 - 11. Let y(z) = 17*z**2 - 11. Let b(u) = 6*u**2 - 4. Let m(x) = a*y(x) - 8*b(x). Suppose 5*t = 5*h - 25, 0 = 4*t + 13 + 3. Calculate m(h).
2
Suppose 5*p = -s - 1, 5*s - 3*p + 29 = -4*p. Let g(q) = q**2 + 4*q - 10. What is g(s)?
2
Let h = -11366 - -11371. Let y(b) = 5*b**3 - 6*b**2 + 8*b - 1. Let k = 1 + -6. Let n(i) = 6*i**3 - 6*i**2 + 9*i. Let m(r) = k*y(r) + 4*n(r). What is m(h)?
10
Let w = 5 - 8. Let n(d) = 6*d + 7. Let j(x) = -3*x - 3. Let m(a) = w*n(a) - 7*j(a). Suppose 0*g + 3*g - 2*t = 5, 2*g - 3*t = 0. Give m(g).
9
Let b(k) = -2*k + 3. Suppose -22*z - 63 = -13*z. Let q(d) = 6*d - 7. Let f(t) = z*b(t) - 2*q(t). Let u be (8 - 0)*(-6)/8. Calculate f(u).
-19
Let q(f) = -f**2 + f + 33. Let n be q(6). Let o(u) = -u**3 + u**2 + 2*u + 3. Determine o(n).
-9
Let r(n) = n**3 + 4*n**2 - 7*n + 6. Suppose -4*c - 30 = c. Give r(c).
-24
Let b(u) = -12*u - 10. Let a(n) = 41*n + 78. Let y be a(-2). What is b(y)?
38
Suppose 36 = -2*p + 26, -5*l - 2*p = 25. Suppose -23 = -g - 5*m - 0*m, g - 15 = -3*m. Let c(r) = -g*r + r**2 + 3*r + 4 - 3*r - 3*r**2. Calculate c(l).
-5
Let v(z) = -z**2 + 6*z - 3. Let n be (10 - 3)*9 - 3. Let t be ((-48)/n)/((-4)/30). Let f be 56/21*t/4. Determine v(f).
5
Let z(h) be the third derivative of -h**8/20160 - h**7/560 - h**6/144 - h**5/12 - 4*h**2. Let q(w) be the third derivative of z(w). Determine q(-7).
9
Let t(o) = 2*o - 30. Let c be (14/(-5))/(182/(-35) - -5). Give t(c).
-2
Let p(h) = -3*h + 2*h + 10*h. Let q = -7 - -10. Suppose -3*y = r - 8, -2*y + q*r - 11 = 2*y. Determine p(y).
9
Let j(g) = -g**2 - 8*g + 10. Suppose -2*s = i + 18, -2*s + 6*s - 3*i = -26. Determine j(s).
10
Let c(p) be the second derivative of 11*p**5/20 + p**2/2 + 49*p. What is c(-1)?
-10
Let v(f) = -f**3 - 7*f**2 - 5*f + 3. Let j(u) = u - 3*u**3 - 6 + u**3 + u**3 - 11*u + 11*u**2. Let x = 0 + 10. Let q be j(x). Determine v(q).
-3
Suppose 0 = t - 4*i - 23, -47 = -2*t + 6*i - 9. Let o(j) = -j**2 + 12*j - 15. Give o(t).
20
Let g(s) be the third derivative of -s**4/12 - s**3/2 + s**2. Suppose 129 = -240*y + 197*y. Calculate g(y).
3
Let b(m) = -4*m. Let n(i) = -39*i - 26 + 5 + 37*i. Let a be n(-10). Calculate b(a).
4
Let v(x) = x**3 + 6*x**2 - 13*x - 6. Let k(q) = -2*q**3 - 12*q**2 + 27*q + 13. Let b = 2 + -8. Let r(g) 